{"id":44,"date":"2024-01-18T18:37:41","date_gmt":"2024-01-18T18:37:41","guid":{"rendered":"https:\/\/www.stasiowka.pl\/?page_id=44"},"modified":"2024-01-20T17:09:25","modified_gmt":"2024-01-20T17:09:25","slug":"roze-rozancowe","status":"publish","type":"page","link":"https:\/\/www.stasiowka.pl\/?page_id=44","title":{"rendered":"R\u00d3\u017bE R\u00d3\u017bA\u0143COWE"},"content":{"rendered":"<p style=\"text-align: justify;\"><span style=\"color: #000000;\"><em>\u201eR\u00f3\u017caniec jest to modlitwa, kt\u00f3r\u0105 bardzo ukocha\u0142em (\u2026). Przedziwna w swej istocie i g\u0142\u0119bi (\u2026). Oto bowiem na kanwie s\u0142\u00f3w Pozdrowienia Anielskiego przesuwaj\u0105 si\u0119 przed oczyma naszej duszy g\u0142\u00f3wne momenty z \u017cycia Jezusa Chrystusa (\u2026) jakby\u015bmy obcowali z Panem Jezusem przez serce Jego Matki. R\u00f3wnocze\u015bnie za\u015b w te same dziesi\u0105tki r\u00f3\u017ca\u0144ca, serce nasze mo\u017ce wprowadzi\u0107 wszystkie sprawy, kt\u00f3re sk\u0142adaj\u0105 si\u0119 na \u017cycie cz\u0142owieka, rodziny, narodu, Ko\u015bcio\u0142a, ludzko\u015bci (\u2026).\u201e \/\u015bw. Jan Pawe\u0142 II\/<\/em><\/span><\/p>\n<p><span style=\"color: #000000;\"><img fetchpriority=\"high\" decoding=\"async\" class=\"aligncenter wp-image-147 size-large\" src=\"https:\/\/www.stasiowka.pl\/wp-content\/uploads\/2024\/01\/rozaniec1-1250x520-1-1024x426.jpg\" alt=\"\" width=\"847\" height=\"352\" srcset=\"https:\/\/www.stasiowka.pl\/wp-content\/uploads\/2024\/01\/rozaniec1-1250x520-1-1024x426.jpg 1024w, https:\/\/www.stasiowka.pl\/wp-content\/uploads\/2024\/01\/rozaniec1-1250x520-1-300x125.jpg 300w, https:\/\/www.stasiowka.pl\/wp-content\/uploads\/2024\/01\/rozaniec1-1250x520-1-768x319.jpg 768w, https:\/\/www.stasiowka.pl\/wp-content\/uploads\/2024\/01\/rozaniec1-1250x520-1-847x352.jpg 847w, https:\/\/www.stasiowka.pl\/wp-content\/uploads\/2024\/01\/rozaniec1-1250x520-1.jpg 1250w\" sizes=\"(max-width: 847px) 100vw, 847px\" \/><\/span><\/p>\n<p style=\"text-align: justify;\"><span style=\"color: #000000;\">Od po\u0142owy XIX wieku najbardziej popularn\u0105 r\u00f3\u017ca\u0144cow\u0105 wsp\u00f3lnot\u0119 modlitewn\u0105 stanowi Stowarzyszenie \u017bywego R\u00f3\u017ca\u0144ca, za\u0142o\u017cone przez Paulin\u0119 Jaricot (1799-1862) w Lyonie w roku 1826. &#8222;Najwa\u017cniejsz\u0105&#8230; rzecz\u0105 i najtrudniejsz\u0105 jest uczyni\u0107 r\u00f3\u017caniec modlitw\u0105 wszystkich&#8221; &#8211; napisa\u0142a wtedy. Ka\u017cdy cz\u0142owiek mo\u017ce znale\u017a\u0107 w ci\u0105gu dnia kilka minut, aby odm\u00f3wi\u0107 dziesi\u0105tek r\u00f3\u017ca\u0144ca, czyli jedn\u0105 tajemnic\u0119. Paulina Jaricot zacz\u0119\u0142a organizowa\u0107 pi\u0119tnastoosobowe grupy, nazwane p\u00f3\u017aniej &#8222;\u017cywymi r\u00f3\u017cami&#8221;. Ka\u017cda z os\u00f3b tworz\u0105cych pi\u0119tnastk\u0119 zobowi\u0105zuje si\u0119 do odmawiania jednej tajemnicy, czyli wszyscy razem odmawiaj\u0105 codziennie ca\u0142y r\u00f3\u017caniec. Wszystkich cz\u0142onk\u00f3w r\u00f3\u017cy dotyczy taka sama zas\u0142uga jakby odm\u00f3wili ca\u0142y r\u00f3\u017caniec. Nie odm\u00f3wienie tajemnicy nie oznacza grzechu, a jedynie utrat\u0119 zas\u0142ugi.<\/span><\/p>\n<p style=\"text-align: justify;\"><span style=\"color: #000000;\">Celem Stowarzyszenia \u017bywego R\u00f3\u017ca\u0144ca jest wed\u0142ug Za\u0142o\u017cycielki wspieranie modlitw\u0105, ofiar\u0105 duchow\u0105 i materialn\u0105 dzia\u0142a\u0144 misyjnych Ko\u015bcio\u0142a. Oczywi\u015bcie mo\u017cna dodawa\u0107 tak\u017ce inne intencje dotycz\u0105ce naszych wsp\u00f3lnot rodzinnych i parafialnych.<\/span><\/p>\n<p style=\"text-align: justify;\"><span style=\"color: #000000;\"><strong>W naszej parafii istnieje:<\/strong><\/span><br \/>\n<span style=\"color: #000000;\"><strong>&#8211; Pi\u0119\u0107 R\u00f3\u017c \u017be\u0144skich,<\/strong><\/span><br \/>\n<span style=\"color: #000000;\"><strong>&#8211; Dwie R\u00f3\u017ce M\u0119skie,<\/strong><\/span><br \/>\n<span style=\"color: #000000;\"><strong>&#8211; Dwie R\u00f3\u017ce Dzieci\u0119co-m\u0142odzie\u017cowe.<\/strong><\/span><\/p>\n<p style=\"text-align: justify;\"><span style=\"color: #000000;\"><strong>Spotkanie R\u00f3\u017c \u017bywego R\u00f3\u017ca\u0144ca a zarazem zmiana tajemnic r\u00f3\u017ca\u0144cowych ma miejsce w ka\u017cd\u0105 pierwsz\u0105 niedziel\u0119 miesi\u0105ca na mszy \u015bw. o godz. 7:00.<\/strong><\/span><br \/>\n<span style=\"color: #000000;\">R\u00f3\u017caniec to skarb, kt\u00f3ry odkry\u0107 trzeba na nowo &#8211; powiedzia\u0142 Papie\u017c Jan Pawe\u0142 II. Zach\u0119camy wi\u0119c do tej tak prostej a tak bogatej modlitwy. Mamy nadziej\u0119, \u017ce dzie\u0142o r\u00f3\u017ca\u0144cowej modlitwy b\u0119dzie ros\u0142o w naszej parafii w coraz wi\u0119ksz\u0105 liczb\u0119 r\u00f3\u017c.<\/span><\/p>\n<p><span style=\"color: #000000;\"><strong>Zelatorki R\u00f3\u017ce Matek: Renata \u0141ukaszewska, Maria Kraso\u0144, Danuta Kruch, Helena K\u0119dzior, Zofia Siop.<\/strong><\/span><br \/>\n<span style=\"color: #000000;\"><strong>Zelatorzy R\u00f3\u017c Ojc\u00f3w: J\u00f3zef Dobrowolski, Kazimierz Cie\u015bla.<\/strong><\/span><\/p>\n","protected":false},"excerpt":{"rendered":"<p>\u201eR\u00f3\u017caniec jest to modlitwa, kt\u00f3r\u0105 bardzo ukocha\u0142em (\u2026). Przedziwna w swej istocie i g\u0142\u0119bi (\u2026). Oto bowiem na kanwie s\u0142\u00f3w Pozdrowienia Anielskiego przesuwaj\u0105 si\u0119 przed oczyma naszej duszy g\u0142\u00f3wne momenty z \u017cycia Jezusa Chrystusa (\u2026) jakby\u015bmy obcowali z Panem Jezusem przez serce Jego Matki. R\u00f3wnocze\u015bnie za\u015b w te same dziesi\u0105tki r\u00f3\u017ca\u0144ca, serce nasze mo\u017ce wprowadzi\u0107 &hellip; <\/p>\n<p><a class=\"more-link btn\" href=\"https:\/\/www.stasiowka.pl\/?page_id=44\">Czytaj dalej<\/a><\/p>\n","protected":false},"author":1,"featured_media":0,"parent":0,"menu_order":0,"comment_status":"closed","ping_status":"closed","template":"","meta":{"ngg_post_thumbnail":0,"footnotes":""},"class_list":["post-44","page","type-page","status-publish","hentry","nodate","item-wrap"],"_links":{"self":[{"href":"https:\/\/www.stasiowka.pl\/index.php?rest_route=\/wp\/v2\/pages\/44","targetHints":{"allow":["GET"]}}],"collection":[{"href":"https:\/\/www.stasiowka.pl\/index.php?rest_route=\/wp\/v2\/pages"}],"about":[{"href":"https:\/\/www.stasiowka.pl\/index.php?rest_route=\/wp\/v2\/types\/page"}],"author":[{"embeddable":true,"href":"https:\/\/www.stasiowka.pl\/index.php?rest_route=\/wp\/v2\/users\/1"}],"replies":[{"embeddable":true,"href":"https:\/\/www.stasiowka.pl\/index.php?rest_route=%2Fwp%2Fv2%2Fcomments&post=44"}],"version-history":[{"count":6,"href":"https:\/\/www.stasiowka.pl\/index.php?rest_route=\/wp\/v2\/pages\/44\/revisions"}],"predecessor-version":[{"id":773,"href":"https:\/\/www.stasiowka.pl\/index.php?rest_route=\/wp\/v2\/pages\/44\/revisions\/773"}],"wp:attachment":[{"href":"https:\/\/www.stasiowka.pl\/index.php?rest_route=%2Fwp%2Fv2%2Fmedia&parent=44"}],"curies":[{"name":"wp","href":"https:\/\/api.w.org\/{rel}","templated":true}]}}