{"id":32,"date":"2024-01-18T18:36:16","date_gmt":"2024-01-18T18:36:16","guid":{"rendered":"https:\/\/www.stasiowka.pl\/?page_id=32"},"modified":"2024-01-20T17:07:50","modified_gmt":"2024-01-20T17:07:50","slug":"akcja-katolicka","status":"publish","type":"page","link":"https:\/\/www.stasiowka.pl\/?page_id=32","title":{"rendered":"AKCJA KATOLICKA"},"content":{"rendered":"\t\t<div data-elementor-type=\"wp-page\" data-elementor-id=\"32\" class=\"elementor elementor-32\">\n\t\t\t\t<div class=\"elementor-element elementor-element-24a1439 e-flex e-con-boxed e-con e-parent\" data-id=\"24a1439\" data-element_type=\"container\" data-e-type=\"container\">\n\t\t\t\t\t<div class=\"e-con-inner\">\n\t\t<div class=\"elementor-element elementor-element-4893ce4 e-con-full e-flex e-con e-child\" data-id=\"4893ce4\" data-element_type=\"container\" data-e-type=\"container\">\n\t\t\t\t<div class=\"elementor-element elementor-element-4927827 elementor-widget elementor-widget-image\" data-id=\"4927827\" data-element_type=\"widget\" data-e-type=\"widget\" data-widget_type=\"image.default\">\n\t\t\t\t<div class=\"elementor-widget-container\">\n\t\t\t\t\t\t\t\t\t\t\t\t\t\t\t<img fetchpriority=\"high\" decoding=\"async\" width=\"250\" height=\"300\" src=\"https:\/\/www.stasiowka.pl\/wp-content\/uploads\/2024\/01\/logo-ak-250x300.jpg\" class=\"attachment-medium size-medium wp-image-187\" alt=\"\" srcset=\"https:\/\/www.stasiowka.pl\/wp-content\/uploads\/2024\/01\/logo-ak-250x300.jpg 250w, https:\/\/www.stasiowka.pl\/wp-content\/uploads\/2024\/01\/logo-ak.jpg 403w\" sizes=\"(max-width: 250px) 100vw, 250px\" \/>\t\t\t\t\t\t\t\t\t\t\t\t\t\t\t<\/div>\n\t\t\t\t<\/div>\n\t\t\t\t<\/div>\n\t\t<div class=\"elementor-element elementor-element-d4f6a17 e-con-full e-flex e-con e-child\" data-id=\"d4f6a17\" data-element_type=\"container\" data-e-type=\"container\">\n\t\t\t\t<div class=\"elementor-element elementor-element-9d8ee38 elementor-widget elementor-widget-text-editor\" data-id=\"9d8ee38\" data-element_type=\"widget\" data-e-type=\"widget\" data-widget_type=\"text-editor.default\">\n\t\t\t\t<div class=\"elementor-widget-container\">\n\t\t\t\t\t\t\t\t\t<p style=\"text-align: justify;\"><span style=\"color: #000000;\">Niezast\u0105pionym \u015brodkiem formacji apostolskiej \u015bwieckich s\u0105 organizacje, stowarzyszenia i ruchy katolickie. W\u015br\u00f3d nich szczeg\u00f3lne miejsce zajmuje Akcja Katolicka, kt\u00f3ra kiedy\u015b w Polsce \u017cy\u0142a i przynios\u0142a tyle wspania\u0142ych owoc\u00f3w. Trzeba wi\u0119c, aby na nowo od\u017cy\u0142a. Bez niej bowiem infrastruktura zrzesze\u0144 katolickich w Polsce by\u0142aby niepe\u0142na. Akcja Katolicka (AK) jest stowarzyszeniem katolik\u00f3w \u015bwieckich, kt\u00f3rzy w zorganizowanej formie wsp\u00f3\u0142pracuj\u0105 bezpo\u015brednio z hierarchi\u0105 ko\u015bcieln\u0105 w wype\u0142nianiu misji Ko\u015bcio\u0142a Katolickiego, realizuj\u0105c powo\u0142anie otrzymane na mocy sakrament\u00f3w chrztu \u015bwi\u0119tego i bierzmowania (Statut AK). Duchowo\u015b\u0107 Stowarzyszenia opiera si\u0119 na w\u0142asnej duchowo\u015bci wiernych \u015bwieckich. Do jej istoty nale\u017c\u0105 nast\u0119puj\u0105ce elementy:<\/span><br \/><span style=\"color: #000000;\">Sentire cum Ecclesia \u2013 poznanie nauczania Ko\u015bcio\u0142a oraz uto\u017csamienie si\u0119 z nim;<\/span><br \/><span style=\"color: #000000;\">Vivere cum Ecclesia \u2013 autentyczne \u017cycie chrze\u015bcija\u0144skie w \u015bwiecie oraz prawdziwa troska o Ko\u015bci\u00f3\u0142 lokalny i powszechny;<\/span><br \/><span style=\"color: #000000;\">Agere cum Ecclesia \u2013 dzia\u0142anie w jedno\u015bci z Ksi\u0119dzem Proboszczem i hierarchi\u0105 Ko\u015bcio\u0142a Katolickiego z zachowaniem w\u0142a\u015bciwie rozumianej autonomii i odpowiedzialno\u015bci wiernych \u015bwieckich.<\/span><\/p><p style=\"text-align: justify;\"><span style=\"color: #000000;\"><strong>W naszej Parafii dzia\u0142a Parafialny Oddzia\u0142 Akcji Katolickiej zosta\u0142 erygowany 16.04.2012 r. Liczy 34 osoby, prezesem jest pani Barbara M\u0105dro.<\/strong><\/span><\/p>\t\t\t\t\t\t\t\t<\/div>\n\t\t\t\t<\/div>\n\t\t\t\t<\/div>\n\t\t\t\t\t<\/div>\n\t\t\t\t<\/div>\n\t\t\t\t<\/div>\n\t\t","protected":false},"excerpt":{"rendered":"<p>Niezast\u0105pionym \u015brodkiem formacji apostolskiej \u015bwieckich s\u0105 organizacje, stowarzyszenia i ruchy katolickie. W\u015br\u00f3d nich szczeg\u00f3lne miejsce zajmuje Akcja Katolicka, kt\u00f3ra kiedy\u015b w Polsce \u017cy\u0142a i przynios\u0142a tyle wspania\u0142ych owoc\u00f3w. Trzeba wi\u0119c, aby na nowo od\u017cy\u0142a. Bez niej bowiem infrastruktura zrzesze\u0144 katolickich w Polsce by\u0142aby niepe\u0142na. Akcja Katolicka (AK) jest stowarzyszeniem katolik\u00f3w \u015bwieckich, kt\u00f3rzy w zorganizowanej formie &hellip; <\/p>\n<p><a class=\"more-link btn\" href=\"https:\/\/www.stasiowka.pl\/?page_id=32\">Czytaj dalej<\/a><\/p>\n","protected":false},"author":1,"featured_media":0,"parent":0,"menu_order":0,"comment_status":"closed","ping_status":"closed","template":"","meta":{"ngg_post_thumbnail":0,"footnotes":""},"class_list":["post-32","page","type-page","status-publish","hentry","nodate","item-wrap"],"_links":{"self":[{"href":"https:\/\/www.stasiowka.pl\/index.php?rest_route=\/wp\/v2\/pages\/32","targetHints":{"allow":["GET"]}}],"collection":[{"href":"https:\/\/www.stasiowka.pl\/index.php?rest_route=\/wp\/v2\/pages"}],"about":[{"href":"https:\/\/www.stasiowka.pl\/index.php?rest_route=\/wp\/v2\/types\/page"}],"author":[{"embeddable":true,"href":"https:\/\/www.stasiowka.pl\/index.php?rest_route=\/wp\/v2\/users\/1"}],"replies":[{"embeddable":true,"href":"https:\/\/www.stasiowka.pl\/index.php?rest_route=%2Fwp%2Fv2%2Fcomments&post=32"}],"version-history":[{"count":8,"href":"https:\/\/www.stasiowka.pl\/index.php?rest_route=\/wp\/v2\/pages\/32\/revisions"}],"predecessor-version":[{"id":769,"href":"https:\/\/www.stasiowka.pl\/index.php?rest_route=\/wp\/v2\/pages\/32\/revisions\/769"}],"wp:attachment":[{"href":"https:\/\/www.stasiowka.pl\/index.php?rest_route=%2Fwp%2Fv2%2Fmedia&parent=32"}],"curies":[{"name":"wp","href":"https:\/\/api.w.org\/{rel}","templated":true}]}}

<div data-elementor-type="wp-page" data-elementor-id="32" class="elementor elementor-32">
				<div class="elementor-element elementor-element-24a1439 e-flex e-con-boxed e-con e-parent" data-id="24a1439" data-element_type="container" data-e-type="container">
					<div class="e-con-inner">
		<div class="elementor-element elementor-element-4893ce4 e-con-full e-flex e-con e-child" data-id="4893ce4" data-element_type="container" data-e-type="container">
				<div class="elementor-element elementor-element-4927827 elementor-widget elementor-widget-image" data-id="4927827" data-element_type="widget" data-e-type="widget" data-widget_type="image.default">
				<div class="elementor-widget-container">
															<img fetchpriority="high" decoding="async" width="250" height="300" src="https://www.stasiowka.pl/wp-content/uploads/2024/01/logo-ak-250x300.jpg" class="attachment-medium size-medium wp-image-187" alt="" srcset="https://www.stasiowka.pl/wp-content/uploads/2024/01/logo-ak-250x300.jpg 250w, https://www.stasiowka.pl/wp-content/uploads/2024/01/logo-ak.jpg 403w" sizes="(max-width: 250px) 100vw, 250px" />															</div>
				</div>
				</div>
		<div class="elementor-element elementor-element-d4f6a17 e-con-full e-flex e-con e-child" data-id="d4f6a17" data-element_type="container" data-e-type="container">
				<div class="elementor-element elementor-element-9d8ee38 elementor-widget elementor-widget-text-editor" data-id="9d8ee38" data-element_type="widget" data-e-type="widget" data-widget_type="text-editor.default">
				<div class="elementor-widget-container">
									<p style="text-align: justify;"><span style="color: #000000;">Niezastąpionym środkiem formacji apostolskiej świeckich są organizacje, stowarzyszenia i ruchy katolickie. Wśród nich szczególne miejsce zajmuje Akcja Katolicka, która kiedyś w Polsce żyła i przyniosła tyle wspaniałych owoców. Trzeba więc, aby na nowo odżyła. Bez niej bowiem infrastruktura zrzeszeń katolickich w Polsce byłaby niepełna. Akcja Katolicka (AK) jest stowarzyszeniem katolików świeckich, którzy w zorganizowanej formie współpracują bezpośrednio z hierarchią kościelną w wypełnianiu misji Kościoła Katolickiego, realizując powołanie otrzymane na mocy sakramentów chrztu świętego i bierzmowania (Statut AK). Duchowość Stowarzyszenia opiera się na własnej duchowości wiernych świeckich. Do jej istoty należą następujące elementy:</span><br /><span style="color: #000000;">Sentire cum Ecclesia – poznanie nauczania Kościoła oraz utożsamienie się z nim;</span><br /><span style="color: #000000;">Vivere cum Ecclesia – autentyczne życie chrześcijańskie w świecie oraz prawdziwa troska o Kościół lokalny i powszechny;</span><br /><span style="color: #000000;">Agere cum Ecclesia – działanie w jedności z Księdzem Proboszczem i hierarchią Kościoła Katolickiego z zachowaniem właściwie rozumianej autonomii i odpowiedzialności wiernych świeckich.</span></p><p style="text-align: justify;"><span style="color: #000000;"><strong>W naszej Parafii działa Parafialny Oddział Akcji Katolickiej został erygowany 16.04.2012 r. Liczy 34 osoby, prezesem jest pani Barbara Mądro.</strong></span></p>								</div>
				</div>
				</div>
					</div>
				</div>
				</div>

<p>Niezastąpionym środkiem formacji apostolskiej świeckich są organizacje, stowarzyszenia i ruchy katolickie. Wśród nich szczególne miejsce zajmuje Akcja Katolicka, która kiedyś w Polsce żyła i przyniosła tyle wspaniałych owoców. Trzeba więc, aby na nowo odżyła. Bez niej bowiem infrastruktura zrzeszeń katolickich w Polsce byłaby niepełna. Akcja Katolicka (AK) jest stowarzyszeniem katolików świeckich, którzy w zorganizowanej formie &hellip; </p>
<p><a class="more-link btn" href="https://www.stasiowka.pl/?page_id=32">Czytaj dalej</a></p>
