{"id":30,"date":"2024-01-18T18:36:02","date_gmt":"2024-01-18T18:36:02","guid":{"rendered":"https:\/\/www.stasiowka.pl\/?page_id=30"},"modified":"2025-05-22T17:04:00","modified_gmt":"2025-05-22T17:04:00","slug":"rada-parafialna","status":"publish","type":"page","link":"https:\/\/www.stasiowka.pl\/?page_id=30","title":{"rendered":"RADA PARAFIALNA"},"content":{"rendered":"<p style=\"text-align: justify;\"><span style=\"color: #000000;\">\u201eW ka\u017cdej parafii powinna by\u0107 Rada Duszpasterska. Ma jej przewodniczy\u0107 proboszcz, a cz\u0142onkami powinni by\u0107 wierni wraz z tymi, kt\u00f3rzy z urz\u0119du uczestnicz\u0105 w trosce duszpasterskiej o parafi\u0119 i pomagaj\u0105 w o\u017cywianiu dzia\u0142alno\u015bci duszpasterskiej. Rada Duszpasterska posiada jedynie g\u0142os doradczy i kieruje si\u0119 normami okre\u015blonymi przez biskupa diecezjalnego.&#8221;<\/span><\/p>\n<p style=\"text-align: justify;\"><span style=\"color: #000000;\"><strong>STATUT PARAFIALNEJ RADY DUSZPASTERSKIEJ (Kan. 536)<\/strong><\/span><\/p>\n<div style=\"text-align: justify;\"><span style=\"color: #000000;\"><u>Powo\u0142ywanie Rady<\/u><\/span><\/div>\n<ol style=\"text-align: justify;\">\n<li>\n<div><span style=\"color: #000000;\">Celem Parafialnej Rady Duszpasterskiej jest wspomaganie proboszcza w sprawach dotycz\u0105cych ca\u0142okszta\u0142tu dzia\u0142alno\u015bci duszpasterskiej w parafii.<\/span><\/div>\n<\/li>\n<li>\n<div><span style=\"color: #000000;\">Cz\u0142onk\u00f3w Rady dobiera sobie proboszcz. Czyni to wed\u0142ug w\u0142asnego rozeznania i po zasi\u0119gni\u0119ciu opinii swoich wsp\u00f3\u0142pracownik\u00f3w, w ten spos\u00f3b, aby w sk\u0142ad Rady wchodzili przedstawiciele parafialnych zespo\u0142\u00f3w duszpasterskich.<\/span><\/div>\n<\/li>\n<li>\n<div><span style=\"color: #000000;\">Przynale\u017cno\u015b\u0107 do Rady jest funkcj\u0105 honorow\u0105 i z racji jej pe\u0142nienia nie nale\u017cy si\u0119 \u017cadne wynagrodzenie.<\/span><\/div>\n<\/li>\n<\/ol>\n<div style=\"text-align: justify;\"><span style=\"color: #000000;\"><u>Spos\u00f3b dzia\u0142ania Rady<\/u><\/span><\/div>\n<ol style=\"text-align: justify;\">\n<li>\n<div><span style=\"color: #000000;\">Do zakresu dzia\u0142ania Parafialnej Rady Duszpasterskiej nale\u017c\u0105 wy\u0142\u0105cznie sprawy dotycz\u0105ce sposobu duszpasterzowania w parafii.<\/span><\/div>\n<\/li>\n<li>\n<div><span style=\"color: #000000;\">Zebrania zwo\u0142uje i Radzie przewodniczy proboszcz.<\/span><\/div>\n<\/li>\n<li>\n<div><span style=\"color: #000000;\">Rada posiada jedynie g\u0142os doradczy (Kan 538 \u00a72), z kt\u00f3rego proboszcz powinien w nale\u017cyty spos\u00f3b korzysta\u0107.<\/span><\/div>\n<\/li>\n<li>\n<div><span style=\"color: #000000;\">Cz\u0142onkowie Rady, w trosce o wi\u0119ksz\u0105 chwa\u0142\u0119 Bo\u017c\u0105 i duchowe dobro ca\u0142ej wsp\u00f3lnoty parafialnej, powinni wszechstronnie wspiera\u0107 proboszcza zw\u0142aszcza w sprawach dotycz\u0105cych: urz\u0105dzania uroczysto\u015bci i nabo\u017ce\u0144stw parafialnych; dzia\u0142alno\u015bci liturgicznej s\u0142u\u017cby o\u0142tarza, zespo\u0142\u00f3w \u015bpiewaczych oraz innych grup nieformalnych istniej\u0105cych w parafii; organizowania rekolekcji, dni skupienia oraz przeprowadzania wszelkich akcji duszpasterskich podejmowanych przez proboszcza.<\/span><\/div>\n<\/li>\n<\/ol>\n<div style=\"text-align: justify; padding-left: 40px;\"><span style=\"color: #000000; font-size: 16px;\">W naszej parafii odby\u0142y si\u0119 wybory do rady parafialnej. Spo\u015br\u00f3d 20 wcze\u015bniej zg\u0142oszonych os\u00f3b, parafianie wybrali Rad\u0119 Parafialn\u0105:<\/span><br \/>\n<span style=\"color: #000000; font-size: 16px;\"><strong>Przewodnicz\u0105cy:<\/strong> ks. Proboszcz Henryk Ko\u0142odziej<\/span><br \/>\n<span style=\"color: #000000; font-size: 16px;\"><strong>Z-ca:<\/strong> Kazimierz Gawlik&nbsp;<\/span><br \/>\n<span style=\"color: #000000; font-size: 16px;\"><strong>Cz\u0142onkowie: <\/strong><\/span><\/div>\n<div style=\"padding-left: 80px;\"><span style=\"color: #000000; font-size: 16px;\">M\u0105dro Barbara &#8211; sekretarz,<\/span><\/div>\n<div style=\"text-align: justify; padding-left: 80px;\"><span style=\"color: #000000; font-size: 16px;\">J\u00f3zef Dobrowolski<\/span><\/div>\n<div style=\"text-align: justify; padding-left: 80px;\"><span style=\"color: #000000; font-size: 16px;\">Strza\u0142ka Tadeusz,<\/span><\/div>\n<div style=\"text-align: justify; padding-left: 80px;\"><span style=\"color: #000000; font-size: 16px;\">Cie\u015bla Kazimierz,<\/span><\/div>\n<div style=\"text-align: justify; padding-left: 80px;\"><span style=\"color: #000000; font-size: 16px;\">Bobulski Mariusz,<\/span><\/div>\n<div style=\"text-align: justify; padding-left: 80px;\"><span style=\"color: #000000; font-size: 16px;\">Dobrowolski Dariusz,<\/span><\/div>\n<div style=\"text-align: justify; padding-left: 80px;\"><span style=\"color: #000000; font-size: 16px;\">M\u0105dro J\u00f3zef,<\/span><\/div>\n<div style=\"padding-left: 80px;\"><span style=\"color: #000000;\">Adam Mat\u0142ok<\/span><\/div>\n<div style=\"text-align: justify; padding-left: 80px;\"><span style=\"color: #000000; font-size: 16px;\">Ciebie\u0144 W\u0142adys\u0142aw,<\/span><\/div>\n<div style=\"padding-left: 80px;\"><span style=\"color: #000000;\">Kraso\u0144 J\u00f3zef<\/span><\/div>\n<div style=\"text-align: justify; padding-left: 80px;\"><span style=\"color: #000000; font-size: 16px;\">K\u0119dzior Aneta,<\/span><\/div>\n<div style=\"text-align: justify; padding-left: 80px;\"><span style=\"color: #000000; font-size: 16px;\">\u0141ukaszewska Renata,<\/span><\/div>\n<div style=\"padding-left: 80px;\"><span style=\"color: #000000;\">Strza\u0142ka Arkadiusz.<\/span><\/div>\n<div>&nbsp;<\/div>\n","protected":false},"excerpt":{"rendered":"<p>\u201eW ka\u017cdej parafii powinna by\u0107 Rada Duszpasterska. Ma jej przewodniczy\u0107 proboszcz, a cz\u0142onkami powinni by\u0107 wierni wraz z tymi, kt\u00f3rzy z urz\u0119du uczestnicz\u0105 w trosce duszpasterskiej o parafi\u0119 i pomagaj\u0105 w o\u017cywianiu dzia\u0142alno\u015bci duszpasterskiej. Rada Duszpasterska posiada jedynie g\u0142os doradczy i kieruje si\u0119 normami okre\u015blonymi przez biskupa diecezjalnego.&#8221; STATUT PARAFIALNEJ RADY DUSZPASTERSKIEJ (Kan. 536) Powo\u0142ywanie &hellip; <\/p>\n<p><a class=\"more-link btn\" href=\"https:\/\/www.stasiowka.pl\/?page_id=30\">Czytaj dalej<\/a><\/p>\n","protected":false},"author":1,"featured_media":0,"parent":0,"menu_order":0,"comment_status":"closed","ping_status":"closed","template":"","meta":{"ngg_post_thumbnail":0,"footnotes":""},"class_list":["post-30","page","type-page","status-publish","hentry","nodate","item-wrap"],"_links":{"self":[{"href":"https:\/\/www.stasiowka.pl\/index.php?rest_route=\/wp\/v2\/pages\/30","targetHints":{"allow":["GET"]}}],"collection":[{"href":"https:\/\/www.stasiowka.pl\/index.php?rest_route=\/wp\/v2\/pages"}],"about":[{"href":"https:\/\/www.stasiowka.pl\/index.php?rest_route=\/wp\/v2\/types\/page"}],"author":[{"embeddable":true,"href":"https:\/\/www.stasiowka.pl\/index.php?rest_route=\/wp\/v2\/users\/1"}],"replies":[{"embeddable":true,"href":"https:\/\/www.stasiowka.pl\/index.php?rest_route=%2Fwp%2Fv2%2Fcomments&post=30"}],"version-history":[{"count":14,"href":"https:\/\/www.stasiowka.pl\/index.php?rest_route=\/wp\/v2\/pages\/30\/revisions"}],"predecessor-version":[{"id":3520,"href":"https:\/\/www.stasiowka.pl\/index.php?rest_route=\/wp\/v2\/pages\/30\/revisions\/3520"}],"wp:attachment":[{"href":"https:\/\/www.stasiowka.pl\/index.php?rest_route=%2Fwp%2Fv2%2Fmedia&parent=30"}],"curies":[{"name":"wp","href":"https:\/\/api.w.org\/{rel}","templated":true}]}}

<p style="text-align: justify;"><span style="color: #000000;">„W każdej parafii powinna być Rada Duszpasterska. Ma jej przewodniczyć proboszcz, a członkami powinni być wierni wraz z tymi, którzy z urzędu uczestniczą w trosce duszpasterskiej o parafię i pomagają w ożywianiu działalności duszpasterskiej. Rada Duszpasterska posiada jedynie głos doradczy i kieruje się normami określonymi przez biskupa diecezjalnego.&#8221;</span></p>
<p style="text-align: justify;"><span style="color: #000000;"><strong>STATUT PARAFIALNEJ RADY DUSZPASTERSKIEJ (Kan. 536)</strong></span></p>
<div style="text-align: justify;"><span style="color: #000000;"><u>Powoływanie Rady</u></span></div>
<ol style="text-align: justify;">
<li>
<div><span style="color: #000000;">Celem Parafialnej Rady Duszpasterskiej jest wspomaganie proboszcza w sprawach dotyczących całokształtu działalności duszpasterskiej w parafii.</span></div>
</li>
<li>
<div><span style="color: #000000;">Członków Rady dobiera sobie proboszcz. Czyni to według własnego rozeznania i po zasięgnięciu opinii swoich współpracowników, w ten sposób, aby w skład Rady wchodzili przedstawiciele parafialnych zespołów duszpasterskich.</span></div>
</li>
<li>
<div><span style="color: #000000;">Przynależność do Rady jest funkcją honorową i z racji jej pełnienia nie należy się żadne wynagrodzenie.</span></div>
</li>
</ol>
<div style="text-align: justify;"><span style="color: #000000;"><u>Sposób działania Rady</u></span></div>
<ol style="text-align: justify;">
<li>
<div><span style="color: #000000;">Do zakresu działania Parafialnej Rady Duszpasterskiej należą wyłącznie sprawy dotyczące sposobu duszpasterzowania w parafii.</span></div>
</li>
<li>
<div><span style="color: #000000;">Zebrania zwołuje i Radzie przewodniczy proboszcz.</span></div>
</li>
<li>
<div><span style="color: #000000;">Rada posiada jedynie głos doradczy (Kan 538 §2), z którego proboszcz powinien w należyty sposób korzystać.</span></div>
</li>
<li>
<div><span style="color: #000000;">Członkowie Rady, w trosce o większą chwałę Bożą i duchowe dobro całej wspólnoty parafialnej, powinni wszechstronnie wspierać proboszcza zwłaszcza w sprawach dotyczących: urządzania uroczystości i nabożeństw parafialnych; działalności liturgicznej służby ołtarza, zespołów śpiewaczych oraz innych grup nieformalnych istniejących w parafii; organizowania rekolekcji, dni skupienia oraz przeprowadzania wszelkich akcji duszpasterskich podejmowanych przez proboszcza.</span></div>
</li>
</ol>
<div style="text-align: justify; padding-left: 40px;"><span style="color: #000000; font-size: 16px;">W naszej parafii odbyły się wybory do rady parafialnej. Spośród 20 wcześniej zgłoszonych osób, parafianie wybrali Radę Parafialną:</span><br />
<span style="color: #000000; font-size: 16px;"><strong>Przewodniczący:</strong> ks. Proboszcz Henryk Kołodziej</span><br />
<span style="color: #000000; font-size: 16px;"><strong>Z-ca:</strong> Kazimierz Gawlik&nbsp;</span><br />
<span style="color: #000000; font-size: 16px;"><strong>Członkowie: </strong></span></div>
<div style="padding-left: 80px;"><span style="color: #000000; font-size: 16px;">Mądro Barbara &#8211; sekretarz,</span></div>
<div style="text-align: justify; padding-left: 80px;"><span style="color: #000000; font-size: 16px;">Józef Dobrowolski</span></div>
<div style="text-align: justify; padding-left: 80px;"><span style="color: #000000; font-size: 16px;">Strzałka Tadeusz,</span></div>
<div style="text-align: justify; padding-left: 80px;"><span style="color: #000000; font-size: 16px;">Cieśla Kazimierz,</span></div>
<div style="text-align: justify; padding-left: 80px;"><span style="color: #000000; font-size: 16px;">Bobulski Mariusz,</span></div>
<div style="text-align: justify; padding-left: 80px;"><span style="color: #000000; font-size: 16px;">Dobrowolski Dariusz,</span></div>
<div style="text-align: justify; padding-left: 80px;"><span style="color: #000000; font-size: 16px;">Mądro Józef,</span></div>
<div style="padding-left: 80px;"><span style="color: #000000;">Adam Matłok</span></div>
<div style="text-align: justify; padding-left: 80px;"><span style="color: #000000; font-size: 16px;">Ciebień Władysław,</span></div>
<div style="padding-left: 80px;"><span style="color: #000000;">Krasoń Józef</span></div>
<div style="text-align: justify; padding-left: 80px;"><span style="color: #000000; font-size: 16px;">Kędzior Aneta,</span></div>
<div style="text-align: justify; padding-left: 80px;"><span style="color: #000000; font-size: 16px;">Łukaszewska Renata,</span></div>
<div style="padding-left: 80px;"><span style="color: #000000;">Strzałka Arkadiusz.</span></div>
<div>&nbsp;</div>

<p>„W każdej parafii powinna być Rada Duszpasterska. Ma jej przewodniczyć proboszcz, a członkami powinni być wierni wraz z tymi, którzy z urzędu uczestniczą w trosce duszpasterskiej o parafię i pomagają w ożywianiu działalności duszpasterskiej. Rada Duszpasterska posiada jedynie głos doradczy i kieruje się normami określonymi przez biskupa diecezjalnego.&#8221; STATUT PARAFIALNEJ RADY DUSZPASTERSKIEJ (Kan. 536) Powoływanie &hellip; </p>
<p><a class="more-link btn" href="https://www.stasiowka.pl/?page_id=30">Czytaj dalej</a></p>
