{"id":22,"date":"2024-01-18T18:35:24","date_gmt":"2024-01-18T18:35:24","guid":{"rendered":"https:\/\/www.stasiowka.pl\/?page_id=22"},"modified":"2024-03-09T10:22:28","modified_gmt":"2024-03-09T10:22:28","slug":"proboszczowie","status":"publish","type":"page","link":"https:\/\/www.stasiowka.pl\/?page_id=22","title":{"rendered":"PROBOSZCZOWIE"},"content":{"rendered":"\t\t<div data-elementor-type=\"wp-page\" data-elementor-id=\"22\" class=\"elementor elementor-22\">\n\t\t\t\t<div class=\"elementor-element elementor-element-e0924cd e-flex e-con-boxed e-con e-parent\" data-id=\"e0924cd\" data-element_type=\"container\" data-e-type=\"container\">\n\t\t\t\t\t<div class=\"e-con-inner\">\n\t\t<div class=\"elementor-element elementor-element-2a19191 e-con-full e-flex e-con e-child\" data-id=\"2a19191\" data-element_type=\"container\" data-e-type=\"container\">\n\t\t\t\t<div class=\"elementor-element elementor-element-63031c6 elementor-widget elementor-widget-image\" data-id=\"63031c6\" data-element_type=\"widget\" data-e-type=\"widget\" data-widget_type=\"image.default\">\n\t\t\t\t<div class=\"elementor-widget-container\">\n\t\t\t\t\t\t\t\t\t\t\t\t\t\t\t<img fetchpriority=\"high\" decoding=\"async\" width=\"508\" height=\"627\" src=\"https:\/\/www.stasiowka.pl\/wp-content\/uploads\/2024\/01\/Mucha.jpg\" class=\"attachment-large size-large wp-image-85\" alt=\"\" srcset=\"https:\/\/www.stasiowka.pl\/wp-content\/uploads\/2024\/01\/Mucha.jpg 508w, https:\/\/www.stasiowka.pl\/wp-content\/uploads\/2024\/01\/Mucha-243x300.jpg 243w\" sizes=\"(max-width: 508px) 100vw, 508px\" \/>\t\t\t\t\t\t\t\t\t\t\t\t\t\t\t<\/div>\n\t\t\t\t<\/div>\n\t\t\t\t<\/div>\n\t\t<div class=\"elementor-element elementor-element-9be784a e-con-full e-flex e-con e-child\" data-id=\"9be784a\" data-element_type=\"container\" data-e-type=\"container\">\n\t\t\t\t<div class=\"elementor-element elementor-element-c5f7e78 elementor-widget elementor-widget-text-editor\" data-id=\"c5f7e78\" data-element_type=\"widget\" data-e-type=\"widget\" data-widget_type=\"text-editor.default\">\n\t\t\t\t<div class=\"elementor-widget-container\">\n\t\t\t\t\t\t\t\t\t<div style=\"text-align: justify;\"><span style=\"color: #000000;\"><u><strong>Ks. Edward Mucha<\/strong><\/u>\u00a0\u2013 proboszcz parafii w Stasi\u00f3wce od 1971 r. do VII. 1999 r.<\/span><\/div><p style=\"text-align: justify;\"><span style=\"color: #000000;\">Ks. Edward Mucha urodzi\u0142 si\u0119 5 sierpnia 1937 roku w Jamach Wielkich. Po uko\u0144czeniu Szko\u0142y \u015aredniej wst\u0105pi\u0142 do WSD w Tarnowie. \u015awi\u0119cenia kap\u0142a\u0144skie otrzyma\u0142 z r\u0105k biskupa tarnowskiego Jerzego Ablewicza w dniu 24 czerwca 1962 roku. Jako wikariusz pracowa\u0142 w parafiach Wola Rz\u0119dzi\u0144ska i Mielec \u2013 \u015bw. Mateusza. Od 1971 roku by\u0142 rektorem kaplicy i wikariuszem eksponowanym w Stasi\u00f3wce, a po utworzeniu parafii w 1980 roku pierwszym proboszczem parafii Stasi\u00f3wka, budowniczym ko\u015bcio\u0142a i organizatorem \u017cycia religijnego. Urz\u0105d proboszcza pe\u0142ni\u0142 do roku 1999. Po przej\u015bciu na emerytur\u0119 zamieszka\u0142 w Domu Ksi\u0119\u017cy Emeryt\u00f3w, przy ul. Starod\u0105browskiej 33 w Tarnowie. Od stycznia 2007 roku by\u0142 rezydentem w parafii Zwiernik. Ks. Edward Mucha zmar\u0142 1 kwietnia 2011 roku (w pierwszy pi\u0105tek miesi\u0105ca). Jego pogrzeb mia\u0142 miejsce w ko\u015bciele parafialnym w Jamach Wielkich 5 kwietnia. Zosta\u0142 pochowany na miejscowym cmentarzu. Wieczny odpoczynek racz mu da\u0107 Panie!<\/span><\/p>\t\t\t\t\t\t\t\t<\/div>\n\t\t\t\t<\/div>\n\t\t\t\t<\/div>\n\t\t\t\t\t<\/div>\n\t\t\t\t<\/div>\n\t\t<div class=\"elementor-element elementor-element-1209002 e-flex e-con-boxed e-con e-parent\" data-id=\"1209002\" data-element_type=\"container\" data-e-type=\"container\">\n\t\t\t\t\t<div class=\"e-con-inner\">\n\t\t<div class=\"elementor-element elementor-element-0010aba e-con-full e-flex e-con e-child\" data-id=\"0010aba\" data-element_type=\"container\" data-e-type=\"container\">\n\t\t\t\t<div class=\"elementor-element elementor-element-ac030dc elementor-widget elementor-widget-image\" data-id=\"ac030dc\" data-element_type=\"widget\" data-e-type=\"widget\" data-widget_type=\"image.default\">\n\t\t\t\t<div class=\"elementor-widget-container\">\n\t\t\t\t\t\t\t\t\t\t\t\t\t\t\t<img decoding=\"async\" width=\"396\" height=\"386\" src=\"https:\/\/www.stasiowka.pl\/wp-content\/uploads\/2024\/01\/Majca.jpg\" class=\"attachment-large size-large wp-image-87\" alt=\"\" srcset=\"https:\/\/www.stasiowka.pl\/wp-content\/uploads\/2024\/01\/Majca.jpg 396w, https:\/\/www.stasiowka.pl\/wp-content\/uploads\/2024\/01\/Majca-300x292.jpg 300w, https:\/\/www.stasiowka.pl\/wp-content\/uploads\/2024\/01\/elementor\/thumbs\/Majca-qij4gcvqe7t6qxllrgcz7ybtkr2i7a9nm73h680s12.jpg 55w\" sizes=\"(max-width: 396px) 100vw, 396px\" \/>\t\t\t\t\t\t\t\t\t\t\t\t\t\t\t<\/div>\n\t\t\t\t<\/div>\n\t\t\t\t<\/div>\n\t\t<div class=\"elementor-element elementor-element-f553aa1 e-con-full e-flex e-con e-child\" data-id=\"f553aa1\" data-element_type=\"container\" data-e-type=\"container\">\n\t\t\t\t<div class=\"elementor-element elementor-element-10a67c3 elementor-widget elementor-widget-text-editor\" data-id=\"10a67c3\" data-element_type=\"widget\" data-e-type=\"widget\" data-widget_type=\"text-editor.default\">\n\t\t\t\t<div class=\"elementor-widget-container\">\n\t\t\t\t\t\t\t\t\t<div style=\"text-align: justify;\">\n<div style=\"text-align: justify;\"><span style=\"color: #000000;\"><u><strong>Ks. Wies\u0142aw Majca<\/strong><\/u>&nbsp;\u2013 proboszcz parafii w Stasi\u00f3wce od 8 VIII. 1999 r. do 6 IX. 2006 r.<\/span><\/div>\n<div style=\"text-align: justify;\"><span style=\"color: #000000;\">Ks. Wies\u0142aw Majca urodzi\u0142 si\u0119 1 stycznia 1958 roku w \u017bele\u017anikowej Ma\u0142ej. \u015awi\u0119cenia kap\u0142a\u0144skie przyj\u0105\u0142 w 1984 r. Pierwsze 4 lata kap\u0142a\u0144stwa sp\u0119dzi\u0142 na wikariacie w Lipnicy Murowanej, nast\u0119pnych 5 lat w d\u0119bickiej parafii pw. MB Anielskiej. Kolejne pi\u0119\u0107 lat kap\u0142a\u0144stwa sp\u0119dzi\u0142 w Borkach ko\u0142o Szczucina. P\u00f3\u017aniej rok w Kr\u00f3lowej G\u00f3rnej, sk\u0105d odwo\u0142uj\u0105c go Biskup Tarnowski powierzy\u0142 mu trosk\u0119 o parafi\u0119 Stasi\u00f3wka.<\/span><\/div>\n<\/div>\t\t\t\t\t\t\t\t<\/div>\n\t\t\t\t<\/div>\n\t\t\t\t<\/div>\n\t\t\t\t\t<\/div>\n\t\t\t\t<\/div>\n\t\t<div class=\"elementor-element elementor-element-b14940e e-flex e-con-boxed e-con e-parent\" data-id=\"b14940e\" data-element_type=\"container\" data-e-type=\"container\">\n\t\t\t\t\t<div class=\"e-con-inner\">\n\t\t<div class=\"elementor-element elementor-element-e1e49e0 e-con-full e-flex e-con e-child\" data-id=\"e1e49e0\" data-element_type=\"container\" data-e-type=\"container\">\n\t\t\t\t<div class=\"elementor-element elementor-element-5ce0048 elementor-widget elementor-widget-image\" data-id=\"5ce0048\" data-element_type=\"widget\" data-e-type=\"widget\" data-widget_type=\"image.default\">\n\t\t\t\t<div class=\"elementor-widget-container\">\n\t\t\t\t\t\t\t\t\t\t\t\t\t\t\t<img decoding=\"async\" width=\"186\" height=\"208\" src=\"https:\/\/www.stasiowka.pl\/wp-content\/uploads\/2024\/01\/wiszynski.jpg\" class=\"attachment-large size-large wp-image-88\" alt=\"\" \/>\t\t\t\t\t\t\t\t\t\t\t\t\t\t\t<\/div>\n\t\t\t\t<\/div>\n\t\t\t\t<\/div>\n\t\t<div class=\"elementor-element elementor-element-8cb420d e-con-full e-flex e-con e-child\" data-id=\"8cb420d\" data-element_type=\"container\" data-e-type=\"container\">\n\t\t\t\t<div class=\"elementor-element elementor-element-f94304e elementor-widget elementor-widget-text-editor\" data-id=\"f94304e\" data-element_type=\"widget\" data-e-type=\"widget\" data-widget_type=\"text-editor.default\">\n\t\t\t\t<div class=\"elementor-widget-container\">\n\t\t\t\t\t\t\t\t\t<div style=\"text-align: justify;\"><span style=\"color: #000000;\"><strong><u>Ks. mgr Bogdan Wiszy\u0144ski<\/u>&nbsp;\u2013&nbsp;<\/strong>proboszcz parafii w Stasi\u00f3wce od 6 IX 2006 r. do 12 VIII 2023 r. P<span style=\"font-family: var( --e-global-typography-text-font-family ), Sans-serif; font-weight: var( --e-global-typography-text-font-weight );\">ochodzenie: Mielec, par. \u015bw. Mateusza, rok \u015bwi\u0119ce\u0144: 23 maja 1982. Pe\u0142nione funkcje: proboszcz, katecheta, opiekun grup parafialnych, a tak\u017ce gminny kapelan Ochotniczej Stra\u017cy Po\u017carnej.<\/span><\/span><\/div>\t\t\t\t\t\t\t\t<\/div>\n\t\t\t\t<\/div>\n\t\t\t\t<\/div>\n\t\t\t\t\t<\/div>\n\t\t\t\t<\/div>\n\t\t\t\t<\/div>\n\t\t","protected":false},"excerpt":{"rendered":"<p>Ks. Edward Mucha\u00a0\u2013 proboszcz parafii w Stasi\u00f3wce od 1971 r. do VII. 1999 r. Ks. Edward Mucha urodzi\u0142 si\u0119 5 sierpnia 1937 roku w Jamach Wielkich. Po uko\u0144czeniu Szko\u0142y \u015aredniej wst\u0105pi\u0142 do WSD w Tarnowie. \u015awi\u0119cenia kap\u0142a\u0144skie otrzyma\u0142 z r\u0105k biskupa tarnowskiego Jerzego Ablewicza w dniu 24 czerwca 1962 roku. Jako wikariusz pracowa\u0142 w parafiach &hellip; <\/p>\n<p><a class=\"more-link btn\" href=\"https:\/\/www.stasiowka.pl\/?page_id=22\">Czytaj dalej<\/a><\/p>\n","protected":false},"author":1,"featured_media":0,"parent":0,"menu_order":0,"comment_status":"closed","ping_status":"closed","template":"","meta":{"ngg_post_thumbnail":0,"footnotes":""},"class_list":["post-22","page","type-page","status-publish","hentry","nodate","item-wrap"],"_links":{"self":[{"href":"https:\/\/www.stasiowka.pl\/index.php?rest_route=\/wp\/v2\/pages\/22","targetHints":{"allow":["GET"]}}],"collection":[{"href":"https:\/\/www.stasiowka.pl\/index.php?rest_route=\/wp\/v2\/pages"}],"about":[{"href":"https:\/\/www.stasiowka.pl\/index.php?rest_route=\/wp\/v2\/types\/page"}],"author":[{"embeddable":true,"href":"https:\/\/www.stasiowka.pl\/index.php?rest_route=\/wp\/v2\/users\/1"}],"replies":[{"embeddable":true,"href":"https:\/\/www.stasiowka.pl\/index.php?rest_route=%2Fwp%2Fv2%2Fcomments&post=22"}],"version-history":[{"count":21,"href":"https:\/\/www.stasiowka.pl\/index.php?rest_route=\/wp\/v2\/pages\/22\/revisions"}],"predecessor-version":[{"id":892,"href":"https:\/\/www.stasiowka.pl\/index.php?rest_route=\/wp\/v2\/pages\/22\/revisions\/892"}],"wp:attachment":[{"href":"https:\/\/www.stasiowka.pl\/index.php?rest_route=%2Fwp%2Fv2%2Fmedia&parent=22"}],"curies":[{"name":"wp","href":"https:\/\/api.w.org\/{rel}","templated":true}]}}

<div data-elementor-type="wp-page" data-elementor-id="22" class="elementor elementor-22">
				<div class="elementor-element elementor-element-e0924cd e-flex e-con-boxed e-con e-parent" data-id="e0924cd" data-element_type="container" data-e-type="container">
					<div class="e-con-inner">
		<div class="elementor-element elementor-element-2a19191 e-con-full e-flex e-con e-child" data-id="2a19191" data-element_type="container" data-e-type="container">
				<div class="elementor-element elementor-element-63031c6 elementor-widget elementor-widget-image" data-id="63031c6" data-element_type="widget" data-e-type="widget" data-widget_type="image.default">
				<div class="elementor-widget-container">
															<img fetchpriority="high" decoding="async" width="508" height="627" src="https://www.stasiowka.pl/wp-content/uploads/2024/01/Mucha.jpg" class="attachment-large size-large wp-image-85" alt="" srcset="https://www.stasiowka.pl/wp-content/uploads/2024/01/Mucha.jpg 508w, https://www.stasiowka.pl/wp-content/uploads/2024/01/Mucha-243x300.jpg 243w" sizes="(max-width: 508px) 100vw, 508px" />															</div>
				</div>
				</div>
		<div class="elementor-element elementor-element-9be784a e-con-full e-flex e-con e-child" data-id="9be784a" data-element_type="container" data-e-type="container">
				<div class="elementor-element elementor-element-c5f7e78 elementor-widget elementor-widget-text-editor" data-id="c5f7e78" data-element_type="widget" data-e-type="widget" data-widget_type="text-editor.default">
				<div class="elementor-widget-container">
									<div style="text-align: justify;"><span style="color: #000000;"><u><strong>Ks. Edward Mucha</strong></u> – proboszcz parafii w Stasiówce od 1971 r. do VII. 1999 r.</span></div><p style="text-align: justify;"><span style="color: #000000;">Ks. Edward Mucha urodził się 5 sierpnia 1937 roku w Jamach Wielkich. Po ukończeniu Szkoły Średniej wstąpił do WSD w Tarnowie. Święcenia kapłańskie otrzymał z rąk biskupa tarnowskiego Jerzego Ablewicza w dniu 24 czerwca 1962 roku. Jako wikariusz pracował w parafiach Wola Rzędzińska i Mielec – św. Mateusza. Od 1971 roku był rektorem kaplicy i wikariuszem eksponowanym w Stasiówce, a po utworzeniu parafii w 1980 roku pierwszym proboszczem parafii Stasiówka, budowniczym kościoła i organizatorem życia religijnego. Urząd proboszcza pełnił do roku 1999. Po przejściu na emeryturę zamieszkał w Domu Księży Emerytów, przy ul. Starodąbrowskiej 33 w Tarnowie. Od stycznia 2007 roku był rezydentem w parafii Zwiernik. Ks. Edward Mucha zmarł 1 kwietnia 2011 roku (w pierwszy piątek miesiąca). Jego pogrzeb miał miejsce w kościele parafialnym w Jamach Wielkich 5 kwietnia. Został pochowany na miejscowym cmentarzu. Wieczny odpoczynek racz mu dać Panie!</span></p>								</div>
				</div>
				</div>
					</div>
				</div>
		<div class="elementor-element elementor-element-1209002 e-flex e-con-boxed e-con e-parent" data-id="1209002" data-element_type="container" data-e-type="container">
					<div class="e-con-inner">
		<div class="elementor-element elementor-element-0010aba e-con-full e-flex e-con e-child" data-id="0010aba" data-element_type="container" data-e-type="container">
				<div class="elementor-element elementor-element-ac030dc elementor-widget elementor-widget-image" data-id="ac030dc" data-element_type="widget" data-e-type="widget" data-widget_type="image.default">
				<div class="elementor-widget-container">
															<img decoding="async" width="396" height="386" src="https://www.stasiowka.pl/wp-content/uploads/2024/01/Majca.jpg" class="attachment-large size-large wp-image-87" alt="" srcset="https://www.stasiowka.pl/wp-content/uploads/2024/01/Majca.jpg 396w, https://www.stasiowka.pl/wp-content/uploads/2024/01/Majca-300x292.jpg 300w, https://www.stasiowka.pl/wp-content/uploads/2024/01/elementor/thumbs/Majca-qij4gcvqe7t6qxllrgcz7ybtkr2i7a9nm73h680s12.jpg 55w" sizes="(max-width: 396px) 100vw, 396px" />															</div>
				</div>
				</div>
		<div class="elementor-element elementor-element-f553aa1 e-con-full e-flex e-con e-child" data-id="f553aa1" data-element_type="container" data-e-type="container">
				<div class="elementor-element elementor-element-10a67c3 elementor-widget elementor-widget-text-editor" data-id="10a67c3" data-element_type="widget" data-e-type="widget" data-widget_type="text-editor.default">
				<div class="elementor-widget-container">
									<div style="text-align: justify;">
<div style="text-align: justify;"><span style="color: #000000;"><u><strong>Ks. Wiesław Majca</strong></u>&nbsp;– proboszcz parafii w Stasiówce od 8 VIII. 1999 r. do 6 IX. 2006 r.</span></div>
<div style="text-align: justify;"><span style="color: #000000;">Ks. Wiesław Majca urodził się 1 stycznia 1958 roku w Żeleźnikowej Małej. Święcenia kapłańskie przyjął w 1984 r. Pierwsze 4 lata kapłaństwa spędził na wikariacie w Lipnicy Murowanej, następnych 5 lat w dębickiej parafii pw. MB Anielskiej. Kolejne pięć lat kapłaństwa spędził w Borkach koło Szczucina. Później rok w Królowej Górnej, skąd odwołując go Biskup Tarnowski powierzył mu troskę o parafię Stasiówka.</span></div>
</div>								</div>
				</div>
				</div>
					</div>
				</div>
		<div class="elementor-element elementor-element-b14940e e-flex e-con-boxed e-con e-parent" data-id="b14940e" data-element_type="container" data-e-type="container">
					<div class="e-con-inner">
		<div class="elementor-element elementor-element-e1e49e0 e-con-full e-flex e-con e-child" data-id="e1e49e0" data-element_type="container" data-e-type="container">
				<div class="elementor-element elementor-element-5ce0048 elementor-widget elementor-widget-image" data-id="5ce0048" data-element_type="widget" data-e-type="widget" data-widget_type="image.default">
				<div class="elementor-widget-container">
															<img decoding="async" width="186" height="208" src="https://www.stasiowka.pl/wp-content/uploads/2024/01/wiszynski.jpg" class="attachment-large size-large wp-image-88" alt="" />															</div>
				</div>
				</div>
		<div class="elementor-element elementor-element-8cb420d e-con-full e-flex e-con e-child" data-id="8cb420d" data-element_type="container" data-e-type="container">
				<div class="elementor-element elementor-element-f94304e elementor-widget elementor-widget-text-editor" data-id="f94304e" data-element_type="widget" data-e-type="widget" data-widget_type="text-editor.default">
				<div class="elementor-widget-container">
									<div style="text-align: justify;"><span style="color: #000000;"><strong><u>Ks. mgr Bogdan Wiszyński</u>&nbsp;–&nbsp;</strong>proboszcz parafii w Stasiówce od 6 IX 2006 r. do 12 VIII 2023 r. P<span style="font-family: var( --e-global-typography-text-font-family ), Sans-serif; font-weight: var( --e-global-typography-text-font-weight );">ochodzenie: Mielec, par. św. Mateusza, rok święceń: 23 maja 1982. Pełnione funkcje: proboszcz, katecheta, opiekun grup parafialnych, a także gminny kapelan Ochotniczej Straży Pożarnej.</span></span></div>								</div>
				</div>
				</div>
					</div>
				</div>
				</div>

<p>Ks. Edward Mucha – proboszcz parafii w Stasiówce od 1971 r. do VII. 1999 r. Ks. Edward Mucha urodził się 5 sierpnia 1937 roku w Jamach Wielkich. Po ukończeniu Szkoły Średniej wstąpił do WSD w Tarnowie. Święcenia kapłańskie otrzymał z rąk biskupa tarnowskiego Jerzego Ablewicza w dniu 24 czerwca 1962 roku. Jako wikariusz pracował w parafiach &hellip; </p>
<p><a class="more-link btn" href="https://www.stasiowka.pl/?page_id=22">Czytaj dalej</a></p>
