{"id":14,"date":"2024-01-18T14:08:21","date_gmt":"2024-01-18T14:08:21","guid":{"rendered":"https:\/\/www.stasiowka.pl\/?page_id=14"},"modified":"2026-04-25T15:05:41","modified_gmt":"2026-04-25T15:05:41","slug":"intencje","status":"publish","type":"page","link":"https:\/\/www.stasiowka.pl\/?page_id=14","title":{"rendered":"INTENCJE"},"content":{"rendered":"<p style=\"text-align: center;\"><span style=\"font-size: 28px; color: #000080;\"><strong>27.04. \u2013 03.05.2026 r.&nbsp;<\/strong><\/span><\/p>\n<table width=\"659\">\n<tbody>\n<tr>\n<td colspan=\"2\" width=\"659\"><strong>Poniedzia\u0142ek \u2013 27 kwietnia <\/strong><\/td>\n<\/tr>\n<tr>\n<td width=\"123\">godz. 18.00<\/td>\n<td width=\"537\">+ J\u00f3zef Struzik<\/td>\n<\/tr>\n<tr>\n<td colspan=\"2\" width=\"659\"><strong>Wtorek \u2013 28 kwietnia<\/strong><\/td>\n<\/tr>\n<tr>\n<td width=\"123\">godz. 18.00<\/td>\n<td width=\"537\">Z podzi\u0119kowaniem za otrzymane \u0142aski z pro\u015bb\u0105 o Bo\u017ce b\u0142ogos\u0142awie\u0144stwo, opiek\u0119 Matki Bo\u017cej i zdrowie dla Sebastiana z okazji urodzin<\/td>\n<\/tr>\n<tr>\n<td colspan=\"2\" width=\"659\"><strong>\u015aroda \u2013 29 kwietnia<\/strong><\/td>\n<\/tr>\n<tr>\n<td width=\"123\">godz. 18.00<\/td>\n<td width=\"537\">Z podzi\u0119kowaniem za otrzymane \u0142aski z pro\u015bb\u0105 o Bo\u017ce b\u0142ogos\u0142awie\u0144stwo, opiek\u0119 Matki Bo\u017cej i zdrowie dla Krystyny Kowalskiej z okazji urodzin<\/td>\n<\/tr>\n<tr>\n<td colspan=\"2\" width=\"659\"><strong>Czwartek \u2013 30 kwietnia<\/strong><\/td>\n<\/tr>\n<tr>\n<td width=\"123\">godz. 18.00<\/td>\n<td width=\"537\">+ Krystyna Ga\u0142at<\/td>\n<\/tr>\n<tr>\n<td colspan=\"2\" width=\"659\"><strong>Pi\u0105tek \u2013 1 maja<\/strong><\/td>\n<\/tr>\n<tr>\n<td width=\"123\">godz. 7.00<\/td>\n<td width=\"537\">+ Wies\u0142aw Mik od kuzyna Ryszarda Broda z rodzin\u0105<\/td>\n<\/tr>\n<tr>\n<td width=\"123\">godz. 18.00<\/td>\n<td width=\"537\">+ W\u0142adys\u0142aw Kraso\u0144 w 17 rocz. \u015bm.<\/td>\n<\/tr>\n<tr>\n<td colspan=\"2\" width=\"659\"><strong>Sobota \u2013 2 maja<\/strong><\/td>\n<\/tr>\n<tr>\n<td width=\"123\">godz. 7.00<\/td>\n<td width=\"537\">+ Janina \u015awistak od m\u0119\u017ca Stanis\u0142awa w 7 dzie\u0144 po \u015bm.<\/td>\n<\/tr>\n<tr>\n<td colspan=\"2\" width=\"659\"><strong>Niedziela \u2013 3 maja<\/strong><\/td>\n<\/tr>\n<tr>\n<td width=\"123\">godz. 7.00<\/td>\n<td width=\"537\">++ Stanis\u0142awa i Stanis\u0142aw Zdziebko; + syna Kazimierz<\/td>\n<\/tr>\n<tr>\n<td width=\"123\">godz. 10.00<\/td>\n<td width=\"537\">++ Wiktoria, Kazimierz i Ryszard Wr\u00f3bel w 4 rocz. sm. Wiktorii i w 21 rocz. \u015bm. Kazimierza<\/td>\n<\/tr>\n<tr>\n<td width=\"123\">godz. 12.00<\/td>\n<td width=\"537\">ROCZNICA I KOMUNII \u015aWI\u0118TEJ<\/td>\n<\/tr>\n<\/tbody>\n<\/table>\n","protected":false},"excerpt":{"rendered":"<p>27.04. \u2013 03.05.2026 r.&nbsp; Poniedzia\u0142ek \u2013 27 kwietnia godz. 18.00 + J\u00f3zef Struzik Wtorek \u2013 28 kwietnia godz. 18.00 Z podzi\u0119kowaniem za otrzymane \u0142aski z pro\u015bb\u0105 o Bo\u017ce b\u0142ogos\u0142awie\u0144stwo, opiek\u0119 Matki Bo\u017cej i zdrowie dla Sebastiana z okazji urodzin \u015aroda \u2013 29 kwietnia godz. 18.00 Z podzi\u0119kowaniem za otrzymane \u0142aski z pro\u015bb\u0105 o Bo\u017ce b\u0142ogos\u0142awie\u0144stwo, &hellip; <\/p>\n<p><a class=\"more-link btn\" href=\"https:\/\/www.stasiowka.pl\/?page_id=14\">Czytaj dalej<\/a><\/p>\n","protected":false},"author":1,"featured_media":0,"parent":0,"menu_order":0,"comment_status":"closed","ping_status":"closed","template":"","meta":{"ngg_post_thumbnail":0,"footnotes":""},"class_list":["post-14","page","type-page","status-publish","hentry","nodate","item-wrap"],"_links":{"self":[{"href":"https:\/\/www.stasiowka.pl\/index.php?rest_route=\/wp\/v2\/pages\/14","targetHints":{"allow":["GET"]}}],"collection":[{"href":"https:\/\/www.stasiowka.pl\/index.php?rest_route=\/wp\/v2\/pages"}],"about":[{"href":"https:\/\/www.stasiowka.pl\/index.php?rest_route=\/wp\/v2\/types\/page"}],"author":[{"embeddable":true,"href":"https:\/\/www.stasiowka.pl\/index.php?rest_route=\/wp\/v2\/users\/1"}],"replies":[{"embeddable":true,"href":"https:\/\/www.stasiowka.pl\/index.php?rest_route=%2Fwp%2Fv2%2Fcomments&post=14"}],"version-history":[{"count":148,"href":"https:\/\/www.stasiowka.pl\/index.php?rest_route=\/wp\/v2\/pages\/14\/revisions"}],"predecessor-version":[{"id":4299,"href":"https:\/\/www.stasiowka.pl\/index.php?rest_route=\/wp\/v2\/pages\/14\/revisions\/4299"}],"wp:attachment":[{"href":"https:\/\/www.stasiowka.pl\/index.php?rest_route=%2Fwp%2Fv2%2Fmedia&parent=14"}],"curies":[{"name":"wp","href":"https:\/\/api.w.org\/{rel}","templated":true}]}}

<p style="text-align: center;"><span style="font-size: 28px; color: #000080;"><strong>27.04. – 03.05.2026 r.&nbsp;</strong></span></p>
<table width="659">
<tbody>
<tr>
<td colspan="2" width="659"><strong>Poniedziałek – 27 kwietnia </strong></td>
</tr>
<tr>
<td width="123">godz. 18.00</td>
<td width="537">+ Józef Struzik</td>
</tr>
<tr>
<td colspan="2" width="659"><strong>Wtorek – 28 kwietnia</strong></td>
</tr>
<tr>
<td width="123">godz. 18.00</td>
<td width="537">Z podziękowaniem za otrzymane łaski z prośbą o Boże błogosławieństwo, opiekę Matki Bożej i zdrowie dla Sebastiana z okazji urodzin</td>
</tr>
<tr>
<td colspan="2" width="659"><strong>Środa – 29 kwietnia</strong></td>
</tr>
<tr>
<td width="123">godz. 18.00</td>
<td width="537">Z podziękowaniem za otrzymane łaski z prośbą o Boże błogosławieństwo, opiekę Matki Bożej i zdrowie dla Krystyny Kowalskiej z okazji urodzin</td>
</tr>
<tr>
<td colspan="2" width="659"><strong>Czwartek – 30 kwietnia</strong></td>
</tr>
<tr>
<td width="123">godz. 18.00</td>
<td width="537">+ Krystyna Gałat</td>
</tr>
<tr>
<td colspan="2" width="659"><strong>Piątek – 1 maja</strong></td>
</tr>
<tr>
<td width="123">godz. 7.00</td>
<td width="537">+ Wiesław Mik od kuzyna Ryszarda Broda z rodziną</td>
</tr>
<tr>
<td width="123">godz. 18.00</td>
<td width="537">+ Władysław Krasoń w 17 rocz. śm.</td>
</tr>
<tr>
<td colspan="2" width="659"><strong>Sobota – 2 maja</strong></td>
</tr>
<tr>
<td width="123">godz. 7.00</td>
<td width="537">+ Janina Świstak od męża Stanisława w 7 dzień po śm.</td>
</tr>
<tr>
<td colspan="2" width="659"><strong>Niedziela – 3 maja</strong></td>
</tr>
<tr>
<td width="123">godz. 7.00</td>
<td width="537">++ Stanisława i Stanisław Zdziebko; + syna Kazimierz</td>
</tr>
<tr>
<td width="123">godz. 10.00</td>
<td width="537">++ Wiktoria, Kazimierz i Ryszard Wróbel w 4 rocz. sm. Wiktorii i w 21 rocz. śm. Kazimierza</td>
</tr>
<tr>
<td width="123">godz. 12.00</td>
<td width="537">ROCZNICA I KOMUNII ŚWIĘTEJ</td>
</tr>
</tbody>
</table>

<p>27.04. – 03.05.2026 r.&nbsp; Poniedziałek – 27 kwietnia godz. 18.00 + Józef Struzik Wtorek – 28 kwietnia godz. 18.00 Z podziękowaniem za otrzymane łaski z prośbą o Boże błogosławieństwo, opiekę Matki Bożej i zdrowie dla Sebastiana z okazji urodzin Środa – 29 kwietnia godz. 18.00 Z podziękowaniem za otrzymane łaski z prośbą o Boże błogosławieństwo, &hellip; </p>
<p><a class="more-link btn" href="https://www.stasiowka.pl/?page_id=14">Czytaj dalej</a></p>
